{"id":229,"date":"2022-04-01T13:04:24","date_gmt":"2022-04-01T13:04:24","guid":{"rendered":"https:\/\/bpro.hu\/motomarketing\/?page_id=229"},"modified":"2025-11-14T13:51:51","modified_gmt":"2025-11-14T13:51:51","slug":"cookie-szabalyzat","status":"publish","type":"page","link":"https:\/\/bpro.hu\/motomarketing\/cookie-szabalyzat\/","title":{"rendered":"Cookie szab\u00e1lyzat"},"content":{"rendered":"\t\t<div data-elementor-type=\"wp-page\" data-elementor-id=\"229\" class=\"elementor elementor-229\" data-elementor-post-type=\"page\">\n\t\t\t\t\t\t<section class=\"elementor-section elementor-top-section elementor-element elementor-element-c51f1bc elementor-section-boxed elementor-section-height-default elementor-section-height-default\" data-id=\"c51f1bc\" data-element_type=\"section\">\n\t\t\t\t\t\t<div class=\"elementor-container elementor-column-gap-default\">\n\t\t\t\t\t<div class=\"elementor-column elementor-col-100 elementor-top-column elementor-element elementor-element-ecce842\" data-id=\"ecce842\" data-element_type=\"column\">\n\t\t\t<div class=\"elementor-widget-wrap elementor-element-populated\">\n\t\t\t\t\t\t<div class=\"elementor-element elementor-element-e76b499 elementor-widget elementor-widget-text-editor\" data-id=\"e76b499\" data-element_type=\"widget\" data-widget_type=\"text-editor.default\">\n\t\t\t\t<div class=\"elementor-widget-container\">\n\t\t\t\t\t\t\t\t\t<p><strong>Al\u00e1bb olvashatja a jelen honlappal kapcsolatos legfontosabb cookie\u00a0<em>(s\u00fcti)<\/em>\u00a0szab\u00e1lyoz\u00e1sokat.<\/strong><\/p><p>Azoknak a weboldalnak, amelyek az Eur\u00f3pai Uni\u00f3 orsz\u00e1gain bel\u00fcl m\u0171k\u00f6dtetnek, cookie-k haszn\u00e1lat\u00e1hoz, \u00e9s a felhaszn\u00e1l\u00f3 sz\u00e1m\u00edt\u00f3g\u00e9p\u00e9n vagy egy\u00e9b eszk\u00f6z\u00e9n t\u00f6rt\u00e9n\u0151 t\u00e1rol\u00e1s\u00e1hoz a felhaszn\u00e1l\u00f3k hozz\u00e1j\u00e1rul\u00e1s\u00e1t kell k\u00e9rni\u00fck. Az al\u00e1bbiak sor\u00e1n t\u00e1j\u00e9koztatjuk \u00d6nt az \u00e1ltalunk haszn\u00e1lt cookie-kr\u00f3l \u00e9s a haszn\u00e1latuk c\u00e9lj\u00e1r\u00f3l.<\/p><p><strong>Mi a cookie (s\u00fcti)?<\/strong><\/p><p>A cookie-k kis adatf\u00e1jlok, amelyeket a b\u00f6ng\u00e9sz\u0151 helyez el a felhaszn\u00e1l\u00f3 sz\u00e1m\u00edt\u00f3g\u00e9p\u00e9n vagy eszk\u00f6z\u00e9n. T\u00f6bbek k\u00f6z\u00f6tt inform\u00e1ci\u00f3t gy\u0171jtenek, megjegyzik a l\u00e1togat\u00f3 egy\u00e9ni be\u00e1ll\u00edt\u00e1sait, \u00e9s \u00e1ltal\u00e1noss\u00e1gban megk\u00f6nny\u00edtik a weboldal haszn\u00e1lat\u00e1t a felhaszn\u00e1l\u00f3k sz\u00e1m\u00e1ra. A s\u00fctik \u00f6nmagukban nem gy\u0171jtik a sz\u00e1m\u00edt\u00f3g\u00e9pen vagy a f\u00e1jlokban t\u00e1rolt adatokat. Olvassa el figyelmesen az al\u00e1bbi t\u00e1j\u00e9koztat\u00f3t tov\u00e1bbi inform\u00e1ci\u00f3k\u00e9rt, hogyan gy\u0171jtj\u00fck az inform\u00e1ci\u00f3t, amikor \u00d6n ezt a weboldalt haszn\u00e1lja.<\/p><p><strong>A cookie-k t\u00edpusai<\/strong><\/p><p>Munkamenet cookie: ezek a cookie-k ideiglenesen aktiv\u00e1l\u00f3dnak, am\u00edg a b\u00f6ng\u00e9sz\u00e9s folyik. Azaz, att\u00f3l a pillanatt\u00f3l, amikor a felhaszn\u00e1l\u00f3 megnyitja a b\u00f6ng\u00e9sz\u0151 ablakot, addig a pillanatig, am\u00edg be nem z\u00e1rja azt. Amint bez\u00e1rul a b\u00f6ng\u00e9sz\u0151, minden munkamenet cookie t\u00f6rl\u0151dik.<\/p><p>\u00c1lland\u00f3 cookie:ezek a cookie-k a felhaszn\u00e1l\u00f3 eszk\u00f6z\u00e9n maradnak a cookie-ban meghat\u00e1rozott ideig. Minden alkalommal aktiv\u00e1l\u00f3dnak, amikor a felhaszn\u00e1l\u00f3 megl\u00e1togatja a weboldalt.<\/p><p><strong>Saj\u00e1t cookie<\/strong>\u00a0<\/p><p>Ezeket a cookie-kat az a weboldal hozz\u00e1 l\u00e9tre, amelyet a felhaszn\u00e1l\u00f3 egy bizonyos id\u0151ben \u00e9ppen megl\u00e1togat.<\/p><p><strong>Harmadik f\u00e9l cookie<\/strong><\/p><p>Amikor egy felhaszn\u00e1l\u00f3 megl\u00e1togat egy oldalt, egy m\u00e1sik f\u00e9l aktiv\u00e1lja a cookie-t a honlapon kereszt\u00fcl.<br \/>Milyen s\u00fctiket haszn\u00e1lunk \u00e9s mi\u00e9rt?<\/p><p><strong>Felt\u00e9tlen\u00fcl sz\u00fcks\u00e9ges cookie<\/strong><\/p><p>Ezek a cookie-k seg\u00edts\u00e9get ny\u00fajtanak honlapon t\u00f6rt\u00e9n\u0151 mozg\u00e1sban, megjegyzik a felhaszn\u00e1l\u00f3 egyes oldalakon v\u00e9gzett m\u0171veleteit. Ezen cookie-k n\u00e9lk\u00fcl a szolg\u00e1ltat\u00e1sok nem m\u0171k\u00f6dn\u00e9nek. Ezek a cookie-k nem t\u00e1rolnak olyan adatokat a felhaszn\u00e1l\u00f3r\u00f3l, hogy milyen oldalakat n\u00e9zett meg az interneten, vagy amelyeket marketing c\u00e9lb\u00f3l lehetne felhaszn\u00e1lni.<\/p><p><strong>A felt\u00e9tlen\u00fcl sz\u00fcks\u00e9ges cookie-kat az al\u00e1bbiakra haszn\u00e1ljuk<\/strong><\/p><ul><li>Eml\u00e9kszik a beg\u00e9pelt inform\u00e1ci\u00f3kra a megrendel\u00e9sek oldalain, amikor a felhaszn\u00e1l\u00f3 k\u00fcl\u00f6nb\u00f6z\u0151 oldalakra navig\u00e1l a b\u00f6ng\u00e9sz\u00e9s ideje alatt;<\/li><li>Eml\u00e9kszik a megrendelt term\u00e9kekre, szolg\u00e1ltat\u00e1sokra, miut\u00e1n kijelentkezik a weboldalr\u00f3l;<\/li><li>Felismeri a felhaszn\u00e1l\u00f3t, ha bejelentkezik a weboldalunkra;<\/li><li>Meggy\u0151z\u0151dik r\u00f3la, hogy a felhaszn\u00e1l\u00f3 megfelel\u0151 szolg\u00e1ltat\u00e1shoz kapcsol\u00f3dik, miut\u00e1n n\u00e9h\u00e1ny dolgot m\u00f3dos\u00edtottunk a weboldal m\u0171k\u00f6d\u00e9s\u00e9n<\/li><li>Elir\u00e1ny\u00edtja a felhaszn\u00e1l\u00f3t k\u00fcl\u00f6nb\u00f6z\u0151 szolg\u00e1ltat\u00e1sok applik\u00e1ci\u00f3ihoz, vagy speci\u00e1lis szerverekhez.<\/li><li>Ezen cookie-k elfogad\u00e1sa felt\u00e9tele honlapunk megfelel\u0151 haszn\u00e1lat\u00e1nak, \u00edgy ha a felhaszn\u00e1l\u00f3 kikapcsolja ezeket a cookie-kat, nem tudjuk garant\u00e1lni weboldalunk megfelel\u0151 m\u0171k\u00f6d\u00e9s\u00e9t, illetve a megfelel\u0151 biztons\u00e1got oldalunk haszn\u00e1lata sor\u00e1n.<\/li><\/ul><p>Teljes\u00edtm\u00e9nyt biztos\u00edt\u00f3 cookie-k: inform\u00e1ci\u00f3kat gy\u0171jtenek arr\u00f3l, hogy a felhaszn\u00e1l\u00f3 hogyan haszn\u00e1lja weboldalunkat (pl. milyen oldalakat tekint meg, illetve tapasztal-e valamilyen hib\u00e1t). Ezek a cookie-k nem gy\u0171jtenek inform\u00e1ci\u00f3t, amelyek alapj\u00e1n azonos\u00edthat\u00f3 a felhaszn\u00e1l\u00f3, \u00e9s az\u00e9rt haszn\u00e1ljuk, hogy jav\u00edtani tudjuk a honlapunk m\u0171k\u00f6d\u00e9s\u00e9t, meg\u00e9rts\u00fck a vev\u0151ink \u00e9rdekl\u0151d\u00e9s\u00e9t, \u00e9s m\u00e9rj\u00fck, milyen hat\u00e9konyak a hirdet\u00e9seink.<\/p><p><strong>A teljes\u00edtm\u00e9nyt biztos\u00edt\u00f3 cookie-kat az al\u00e1bbiakra haszn\u00e1ljuk<\/strong><\/p><ul><li>Web elemz\u00e9sek (<em>Analytics<\/em>): statisztik\u00e1kat szolg\u00e1ltat arr\u00f3l, hogy haszn\u00e1lj\u00e1k weboldalunkat<\/li><li>Hirdet\u00e9sek v\u00e1laszol\u00e1si ar\u00e1nya: megmutatja, hogy milyen hat\u00e9konyak a hirdet\u00e9seink, belesz\u00e1m\u00edtva azokat, amelyek a mi oldalunkra mutatnak.<\/li><li>Hiba menedzsment: seg\u00edt nek\u00fcnk, hogy fejlessz\u00fck a weboldalunkat a felmer\u00fcl\u0151 hib\u00e1k m\u00e9r\u00e9s\u00e9vel.<\/li><li>Design-ok tesztel\u00e9se: weboldalunk k\u00fcl\u00f6nb\u00f6z\u0151 megjelen\u00e9s\u0171 verzi\u00f3inak tesztel\u00e9s\u00e9hez.<\/li><\/ul><p>A fenti cookie-k k\u00f6z\u00fcl n\u00e9h\u00e1nyat harmadik f\u00e9l haszn\u00e1l, esetlegesen tov\u00e1bbi inform\u00e1ci\u00f3k\u00e9rt keresse fel ezen partnerek weboldal\u00e1n tal\u00e1lhat\u00f3 titoktart\u00e1si le\u00edr\u00e1sokat.<\/p><p>A honlapunk haszn\u00e1lat\u00e1val elfogadja a Teljes\u00edtm\u00e9nyt biztos\u00edt\u00f3 cookie haszn\u00e1lat\u00e1t. Ezen cookie-k elfogad\u00e1sa felt\u00e9tele honlapunk megfelel\u0151 haszn\u00e1lat\u00e1nak. Ha a felhaszn\u00e1l\u00f3 kikapcsolja ezeket a cookie-kat, nem tudjuk garant\u00e1lni weboldalunk megfelel\u0151 m\u0171k\u00f6d\u00e9s\u00e9t, illetve a megfelel\u0151 biztons\u00e1got oldalunk haszn\u00e1lata sor\u00e1n.<\/p><p>Haszn\u00e1latot el\u0151seg\u00edt\u0151 cookie-k: ezeket a cookie-kat k\u00fcl\u00f6nb\u00f6z\u0151 szolg\u00e1ltat\u00e1sok ny\u00fajt\u00e1s\u00e1ra haszn\u00e1ljuk, illetve hogy megjegyezz\u00fck a felhaszn\u00e1l\u00f3 be\u00e1ll\u00edt\u00e1sait, hogy megk\u00f6nny\u00edts\u00fck az oldal l\u00e1togat\u00e1s\u00e1t.<\/p><p><strong>A teljes\u00edtm\u00e9nyt biztos\u00edt\u00f3 cookie-kat az al\u00e1bbiakra haszn\u00e1ljuk:<\/strong><\/p><ul><li>Eml\u00e9kszik a felhaszn\u00e1l\u00f3 be\u00e1ll\u00edt\u00e1saira, mint pl.\u00a0<em>weboldal elrendez\u00e9se, a sz\u00f6veg m\u00e9rete, el\u0151nyben\u00a0r\u00e9szes\u00edtett\u00a0be\u00e1ll\u00edt\u00e1sok \u00e9s sz\u00ednek<\/em>;<\/li><li>Megmutatja, hogy a felhaszn\u00e1l\u00f3 mikor jelentkezett be a weboldalra.<\/li><\/ul><p>A fenti cookie-k k\u00f6z\u00fcl n\u00e9h\u00e1nyat harmadik f\u00e9l haszn\u00e1l, esetlegesen tov\u00e1bbi inform\u00e1ci\u00f3k\u00e9rt keresse fel ezen partnerek weboldal\u00e1n tal\u00e1lhat\u00f3 titoktart\u00e1si le\u00edr\u00e1sokat.<\/p><p><strong>Az \u00d6n hozz\u00e1j\u00e1rul\u00e1sa<\/strong><\/p><p>A honlap b\u00f6ng\u00e9sz\u00e9s\u00e9vel elfogadja, hogy cookie-kat helyezz\u00fcnk el az \u00d6n sz\u00e1m\u00edt\u00f3g\u00e9p\u00e9n abb\u00f3l a c\u00e9lb\u00f3l, hogy elemezni tudjuk, hogyan haszn\u00e1lja honlapunkat. Hogyha nem egyezik bele, hogy cookie-kat haszn\u00e1ljunk, amikor \u00d6n ezen az oldalon b\u00f6ng\u00e9szik, el\u0151fordulhat, hogy weboldalunk nem fog\u00a0teljes k\u00f6r\u0171en\u00a0m\u0171k\u00f6dni.<\/p><p><strong>Tov\u00e1bbi inform\u00e1ci\u00f3k a cookie-kr\u00f3l<\/strong><\/p><p>A cookie-kal kapcsolatos r\u00e9szletesebb tudnival\u00f3k\u00e9rt keresse fel az al\u00e1bbi weboldalakat:<\/p><ul><li><a href=\"http:\/\/www.youronlinechoices.com\/hu\/\" target=\"_blank\" rel=\"noopener\">http:\/\/www.youronlinechoices.com\/hu\/<\/a><\/li><li><a href=\"http:\/\/www.allaboutcookies.org\/\" target=\"_blank\" rel=\"noopener\">http:\/\/www.allaboutcookies.org\/<\/a><\/li><li><a href=\"http:\/\/cookiepedia.co.uk\/cookie-laws-across-europe\" target=\"_blank\" rel=\"noopener\">http:\/\/cookiepedia.co.uk\/cookie-laws-across-europe<\/a><\/li><\/ul><p><strong>Google Analytics<img decoding=\"async\" src=\"http:\/\/cdncache-a.akamaihd.net\/items\/it\/img\/arrow-10x10.png\" \/>Cookie-k<\/strong><\/p><ul><li><a href=\"https:\/\/developers.google.com\/analytics\/devguides\/collection\/analyticsjs\/cookie-usage\" target=\"_blank\" rel=\"noopener\">https:\/\/developers.google.com\/analytics\/devguides\/collection\/analyticsjs\/cookie-usage<\/a><\/li><li><a href=\"http:\/\/www.google.com\/intl\/en\/policies\/privacy\/\" target=\"_blank\" rel=\"noopener\">http:\/\/www.google.com\/intl\/en\/policies\/privacy\/<\/a><\/li><\/ul><p><strong>Cookiek kezel\u00e9se<\/strong><\/p><p>A weboldal cookie kezel\u00e9se (tov\u00e1bbiakban weboldal a weboldalon tett l\u00e1togat\u00e1s sor\u00e1n, illetve az ott el\u00e9rhet\u0151 szolg\u00e1ltat\u00e1sok ig\u00e9nybev\u00e9telekor, a Felhaszn\u00e1l\u00f3 \u00e1ltal adott hozz\u00e1j\u00e1rul\u00e1s eset\u00e9n egy vagy t\u00f6bb karaktersorozatb\u00f3l \u00e1ll\u00f3 azonos\u00edt\u00f3 file (?s\u00fcti? vagy ?cookie?) ker\u00fcl megk\u00fcld\u00e9sre \u00e9s elhelyez\u00e9sre a Felhaszn\u00e1l\u00f3 elektronikus h\u00edrk\u00f6zl\u0151 v\u00e9gberendez\u00e9s\u00e9n, sz\u00e1m\u00edt\u00f3g\u00e9p\u00e9n. A cookie \u00e1ltal a Felhaszn\u00e1l\u00f3 b\u00f6ng\u00e9sz\u0151je egyedileg azonos\u00edthat\u00f3v\u00e1 v\u00e1lik. Az \u00fczemeltet\u0151 ezek alapj\u00e1n a Felhaszn\u00e1l\u00f3knak a weboldal haszn\u00e1lat\u00e1val, b\u00f6ng\u00e9sz\u00e9si szok\u00e1saival kapcsolatos adatait kezeli, \u00e9s t\u00e1rolja a munkamenet sor\u00e1n megadott adatokat. A cookie-k haszn\u00e1lat\u00e1t a Felhaszn\u00e1l\u00f3 a weboldalon megjelen\u0151 felugr\u00f3 ablak seg\u00edts\u00e9g\u00e9vel hagyhatja j\u00f3v\u00e1.<\/p><p>A cookie-k lehetnek ?\u00e1lland\u00f3? vagy ?munkameneti? t\u00edpus\u00faak, melyeket a b\u00f6ng\u00e9sz\u0151 k\u00fcl\u00f6nf\u00e9le id\u0151pontig, lej\u00e1ratig t\u00e1rol, felt\u00e9ve, hogy azt a Felhaszn\u00e1l\u00f3 nem t\u00f6rli vagy tiltja le (l\u00e1sd lent). Az adatokat a szolg\u00e1ltat\u00f3 k\u00fcl\u00f6nb\u00f6z\u0151 id\u0151pontig kezeli, ez lehet 10 perc, 30 perc, a b\u00f6ng\u00e9sz\u0151 bez\u00e1r\u00e1s\u00e1ig, az adott munkamenet v\u00e9g\u00e9ig, vagy 2 h\u00e9t, 30 nap, 6 h\u00f3nap, illetve 1, 2, vagy 3 \u00e9v is. Amennyiben a cookie \u00e1lland\u00f3 (vagyis nem ideiglenes) jelleggel ker\u00fcl elhelyez\u00e9s\u00e9re, az adatokat a szolg\u00e1ltat\u00f3 addig kezeli, am\u00edg a Felhaszn\u00e1l\u00f3 a hozz\u00e1j\u00e1rul\u00e1s\u00e1t jelen Felhaszn\u00e1l\u00e1si Szab\u00e1lyzat felt\u00e9telei szerint vissza nem vonja. A jelen pontban meghat\u00e1rozott c\u00e9lb\u00f3l kezelt adatokat a\u00a0halad\u00e9ktalanul t\u00f6rli, ha az adatkezel\u00e9si c\u00e9l megsz\u0171nt, vagy a Felhaszn\u00e1l\u00f3 \u00edgy rendelkezik.<\/p><p>A cookie-k \u00e1ltali adatkezel\u00e9s c\u00e9lja a felhaszn\u00e1l\u00f3i \u00e9lm\u00e9ny testre szab\u00e1sa, \u00edgy azok a szem\u00e9lyre szabott kiszolg\u00e1l\u00e1s \u00e9rdek\u00e9ben, a weboldalon el\u00e9rhet\u0151, inform\u00e1ci\u00f3s t\u00e1rsadalommal \u00f6sszef\u00fcgg\u0151 (elektronikus kereskedelmi) szolg\u00e1ltat\u00e1sok szem\u00e9lyre szabott ny\u00fajt\u00e1sa \u00e9rdek\u00e9ben, tov\u00e1bb\u00e1 a Felhaszn\u00e1l\u00f3k azonos\u00edt\u00e1sa, a r\u00e9sz\u00fckre kedvez\u0151bb, \u00e9rdekl\u0151d\u00e9s\u00fcknek megfelel\u0151 tartalmak kialak\u00edt\u00e1sa \u00e9s el\u00e9rhet\u0151v\u00e9 t\u00e9tele \u00e9rdek\u00e9ben, valamint az\u00e9rt ker\u00fclnek alkalmaz\u00e1sra, hogy az azonos\u00edt\u00e1st k\u00f6vet\u0151 bejelentkez\u00e9st k\u00f6vet\u0151en a Felhaszn\u00e1l\u00f3 a bel\u00e9p\u00e9shez k\u00f6t\u00f6tt funkci\u00f3kat haszn\u00e1lhassa. A cookie-k \u00e1ltal felvett adatok kezel\u00e9s\u00e9nek c\u00e9lja tov\u00e1bb\u00e1 l\u00e1togatotts\u00e1gi inform\u00e1ci\u00f3k gy\u0171jt\u00e9se, statisztik\u00e1k k\u00e9sz\u00edt\u00e9se. A weboldalakr\u00f3l begy\u0171jt\u00f6tt cookie-inform\u00e1ci\u00f3k seg\u00edts\u00e9g\u00e9vel k\u00f6vetni tudja az \u00faj \u00e9s visszat\u00e9r\u0151 l\u00e1togat\u00f3k sz\u00e1m\u00e1t, statisztik\u00e1kat tud k\u00e9sz\u00edteni a weboldalon \u00e9rz\u00e9kelt aktivit\u00e1sr\u00f3l, a Felhaszn\u00e1l\u00f3k \u00e1ltal felkeresett oldalakr\u00f3l, \u00edgy jobban megismerheti a haszn\u00e1lati szok\u00e1sokat, tov\u00e1bb\u00e1 lehet\u0151s\u00e9ge ny\u00edlik inform\u00e1ci\u00f3kat elemezni, hogy ezzel is el\u0151seg\u00edthesse a weboldal szolg\u00e1ltat\u00e1sainak fejleszt\u00e9s\u00e9t \u00e9s jav\u00edt\u00e1s\u00e1t.<\/p><p><strong>A weboldalon alkalmazott cookie-k t\u00edpusuk, lej\u00e1ratuk szerint:<\/strong><\/p><ul><li>\u00fan. \u00e9lm\u00e9nyjav\u00edt\u00f3-, teljes\u00edtm\u00e9nyjav\u00edt\u00f3-, funkcion\u00e1lis-, c\u00e9lz\u00e1s-, vagy rekl\u00e1m cookie<\/li><li>a google cookiek lej\u00e1rata: _utma 2 \u00e9v a be\u00e1ll\u00edt\u00e1sr\u00f3l \/ friss\u00edt\u00e9s _utmt 10 perc _utmb 30 perc a be\u00e1ll\u00edt\u00e1sr\u00f3l \/ friss\u00edt\u00e9s _utmc b\u00f6ng\u00e9sz\u0151 bez\u00e1r\u00e1sig _utmz 6 h\u00f3nap a be\u00e1ll\u00edt\u00e1sr\u00f3l \/ friss\u00edt\u00e9s _gads 2 \u00e9v a be\u00e1ll\u00edt\u00e1sr\u00f3l \/ friss\u00edt\u00e9s<\/li><li>\u00a0facebook fbm_ 1 \u00e9v a be\u00e1ll\u00edt\u00e1sr\u00f3l \/ friss\u00edt\u00e9s fbsr_ 1.5 \u00f3ra a be\u00e1ll\u00edt\u00e1sr\u00f3l \/ friss\u00edt\u00e9s<\/li><li>\u00a0ns-device 30 nap a be\u00e1ll\u00edt\u00e1sr\u00f3l \/ friss\u00edt\u00e9s<\/li><\/ul><p>A Felhaszn\u00e1l\u00f3 a b\u00f6ng\u00e9sz\u0151j\u00e9ben k\u00e9pes t\u00f6r\u00f6lni a cookie-t a saj\u00e1t sz\u00e1m\u00edt\u00f3g\u00e9p\u00e9r\u0151l, valamint annak alkalmaz\u00e1s\u00e1t le is tilthatja. A cookie-kat jellemz\u0151en a b\u00f6ng\u00e9sz\u0151k Eszk\u00f6z\u00f6k\/Be\u00e1ll\u00edt\u00e1sok men\u00fcj\u00e9ben az Adatv\u00e9delem be\u00e1ll\u00edt\u00e1sok alatt lehet kezelni. A legt\u00f6bb b\u00f6ng\u00e9sz\u0151 alap\u00e9rtelmez\u00e9s szerint automatikusan elfogadja a cookie-kat, de a b\u00f6ng\u00e9sz\u0151 biztons\u00e1gi be\u00e1ll\u00edt\u00e1s\u00e1nak (tilt\u00e1s\/visszavon\u00e1s) m\u00f3dos\u00edt\u00e1s\u00e1val a Felhaszn\u00e1l\u00f3 elutas\u00edthatja, illetve kiv\u00e1logathatja azokat.<\/p><p>A Felhaszn\u00e1l\u00f3 a Google Analytics hirdet\u00e9si funkci\u00f3it \u00e9s a Google Display H\u00e1l\u00f3zat hirdet\u00e9seit a Google fi\u00f3kj\u00e1ba t\u00f6rt\u00e9n\u0151 bel\u00e9p\u00e9s\u00e9vel tilthatja le, vagy szabhatja szem\u00e9lyre. A cookie-k \u00e1ltal gy\u0171jt\u00f6tt adatok kezel\u00e9s\u00e9t\u00a0az ig\u00e9nybevev\u0151 \u00f6nk\u00e9ntes hozz\u00e1j\u00e1rul\u00e1sa alapj\u00e1n kezeli. Azonban amennyiben a cookie-k haszn\u00e1lat\u00e1t a Felhaszn\u00e1l\u00f3 letiltja, illetve annak elhelyez\u00e9s\u00e9hez \u00e9s haszn\u00e1lat\u00e1hoz nem j\u00e1rul hozz\u00e1, abban az esetben nem felt\u00e9tlen\u00fcl biztos\u00edtott a weboldal valamennyi funkci\u00f3j\u00e1nak zavartalan haszn\u00e1lata, ez bizonyos szolg\u00e1ltat\u00e1sok ig\u00e9nybev\u00e9tel\u00e9t korl\u00e1tozhatja vagy megakad\u00e1lyozhatja.<\/p><p>Az adatkezel\u00e9s \u00f6nk\u00e9ntes hozz\u00e1j\u00e1rul\u00e1son alapul: Az adatkezel\u00e9s jogalapja az Infotv. 5. \u00a7 (1) a.) pontja alapj\u00e1n az \u00e9rintett \u00f6nk\u00e9ntes hozz\u00e1j\u00e1rul\u00e1sa, tov\u00e1bb\u00e1 az elektronikus h\u00edrk\u00f6zl\u00e9sr\u0151l sz\u00f3l\u00f3 2003. \u00e9vi C. t\u00f6rv\u00e9ny 155.\u00a7 (4) bekezd\u00e9se szerinti hozz\u00e1j\u00e1rul\u00e1s. Az adatkezel\u00e9s c\u00e9lja: a Felhaszn\u00e1l\u00f3k azonos\u00edt\u00e1sa, egym\u00e1st\u00f3l val\u00f3 megk\u00fcl\u00f6nb\u00f6ztet\u00e9se, a Felhaszn\u00e1l\u00f3k aktu\u00e1lis munkamenet\u00e9nek azonos\u00edt\u00e1sa, az annak sor\u00e1n megadott adatok t\u00e1rol\u00e1sa, az adatveszt\u00e9s megakad\u00e1lyoz\u00e1sa, a Felhaszn\u00e1l\u00f3k azonos\u00edt\u00e1sa, nyomon k\u00f6vet\u00e9se, a weboldal l\u00e1togat\u00e1sa sor\u00e1n r\u00f6gz\u00edtett adatok felhaszn\u00e1l\u00e1s\u00e1val szem\u00e9lyre szabott aj\u00e1nlatok megjelen\u00edt\u00e9se, a felhaszn\u00e1l\u00f3i preferenci\u00e1k t\u00e1rol\u00e1sa \u00e9s a Felhaszn\u00e1l\u00f3k k\u00f6vet\u00e9se.<\/p>\t\t\t\t\t\t\t\t<\/div>\n\t\t\t\t<\/div>\n\t\t\t\t\t<\/div>\n\t\t<\/div>\n\t\t\t\t\t<\/div>\n\t\t<\/section>\n\t\t\t\t<\/div>\n\t\t","protected":false},"excerpt":{"rendered":"<p>Al\u00e1bb olvashatja a jelen honlappal kapcsolatos legfontosabb cookie\u00a0(s\u00fcti)\u00a0szab\u00e1lyoz\u00e1sokat. Azoknak a weboldalnak, amelyek az Eur\u00f3pai Uni\u00f3 orsz\u00e1gain bel\u00fcl m\u0171k\u00f6dtetnek, cookie-k haszn\u00e1lat\u00e1hoz, \u00e9s a felhaszn\u00e1l\u00f3 sz\u00e1m\u00edt\u00f3g\u00e9p\u00e9n vagy egy\u00e9b eszk\u00f6z\u00e9n t\u00f6rt\u00e9n\u0151 t\u00e1rol\u00e1s\u00e1hoz a felhaszn\u00e1l\u00f3k hozz\u00e1j\u00e1rul\u00e1s\u00e1t kell k\u00e9rni\u00fck. Az al\u00e1bbiak sor\u00e1n t\u00e1j\u00e9koztatjuk \u00d6nt az \u00e1ltalunk haszn\u00e1lt cookie-kr\u00f3l \u00e9s a haszn\u00e1latuk c\u00e9lj\u00e1r\u00f3l. Mi a cookie (s\u00fcti)? A cookie-k kis adatf\u00e1jlok, [&hellip;]<\/p>\n","protected":false},"author":1,"featured_media":0,"parent":0,"menu_order":0,"comment_status":"closed","ping_status":"closed","template":"elementor_header_footer","meta":{"om_disable_all_campaigns":false,"_monsterinsights_skip_tracking":false,"_monsterinsights_sitenote_active":false,"_monsterinsights_sitenote_note":"","_monsterinsights_sitenote_category":0,"footnotes":""},"class_list":["post-229","page","type-page","status-publish","hentry"],"aioseo_notices":[],"_links":{"self":[{"href":"https:\/\/bpro.hu\/motomarketing\/wp-json\/wp\/v2\/pages\/229","targetHints":{"allow":["GET"]}}],"collection":[{"href":"https:\/\/bpro.hu\/motomarketing\/wp-json\/wp\/v2\/pages"}],"about":[{"href":"https:\/\/bpro.hu\/motomarketing\/wp-json\/wp\/v2\/types\/page"}],"author":[{"embeddable":true,"href":"https:\/\/bpro.hu\/motomarketing\/wp-json\/wp\/v2\/users\/1"}],"replies":[{"embeddable":true,"href":"https:\/\/bpro.hu\/motomarketing\/wp-json\/wp\/v2\/comments?post=229"}],"version-history":[{"count":7,"href":"https:\/\/bpro.hu\/motomarketing\/wp-json\/wp\/v2\/pages\/229\/revisions"}],"predecessor-version":[{"id":364,"href":"https:\/\/bpro.hu\/motomarketing\/wp-json\/wp\/v2\/pages\/229\/revisions\/364"}],"wp:attachment":[{"href":"https:\/\/bpro.hu\/motomarketing\/wp-json\/wp\/v2\/media?parent=229"}],"curies":[{"name":"wp","href":"https:\/\/api.w.org\/{rel}","templated":true}]}}